 128 + (-4 - i) + -1 a prime number?
True
Suppose -3*r + 639 = -1032. Is r composite?
False
Suppose 2*c = -2*c - 2*g + 161818, -c = -2*g - 40447. Is c a prime number?
False
Suppose -422567 = -12*m + 98845. Is m a composite number?
False
Is -9 + 3 + 1/1 + 1014 a composite number?
False
Suppose c - 4*a - 11453 = 0, 3*c - 6*a + 4*a = 34319. Is c a composite number?
False
Suppose 3*p = -5*u + u + 14, 0 = 2*p + u - 6. Suppose -d + p = -0*d. Suppose g = -g - d*q + 644, 4*g - 3*q - 1295 = 0. Is g a prime number?
False
Let u = 213 + -147. Suppose 70*q - u*q = 932. Is q a prime number?
True
Suppose w - 5 + 0 = 0. Suppose -9010 = -w*v - 5*v. Is v a composite number?
True
Let b(j) = -j + 11. Let o(t) = -t + 10. Let m(p) = 5*b(p) - 6*o(p). Let h be m(10). Suppose i - 114 = -h*i. Is i composite?
False
Let t = 168 - 91. Let n = t - -29. Is n a prime number?
False
Let s = 12 - 9. Let c be (-433 + s)*2/(-5). Suppose 2*f - 66 = c. Is f a prime number?
False
Let z(j) = -5*j + 2*j + 14 - 7*j**2 + 7*j - j**3 + 8*j. Let l be z(-10). Let k = l - 107. Is k composite?
True
Is 28125 + -4 - (-10 - -20) composite?
False
Let t = -1 + 4. Suppose 5 = t*h - 4. Suppose -4*j + 2*w = h*w - 44, 3*j - 10 = 5*w. Is j composite?
True
Let o(h) = 16 + 3 - 18*h - 15 - 7*h**2 - 2*h**3. Is o(-9) a prime number?
False
Let s(t) = -2413*t - 6. Is s(-1) a composite number?
True
Suppose 1566683 = -17*c + 36*c. Is c composite?
False
Let b = -26 + 17. Let w(s) be the second derivative of s**5/20 + 5*s**4/6 + s**3 - 5*s**2/2 - 4*s. Is w(b) a composite number?
True
Let r(g) = -g**3 - 14*g**2 - 43. Suppose 244*w - 242*w = -36. Is r(w) prime?
False
Suppose -5*b - 3*u = 4622, 5*b - 3*u = -2907 - 1691. Is b/(3 - 4) + -3 a prime number?
True
Suppose 28*i - 27*i = 62. Is (8/2 - 2) + -5 + i prime?
True
Let u be -1 + 1 + -43 + -1. Suppose 4*o = 7*o - 59556. Is 8/u - o/(-44) a composite number?
True
Is (-149598)/(-21) - 3 - (-12)/42 prime?
True
Let c = 1135 + -621. Let o = 351 - c. Is o*1/(1 - 2) composite?
False
Let z(h) = -h**3 + 2*h**2 - h + 2. Let j be z(2). Is j + (3 - (-512)/4) composite?
False
Let b be 7 - -1*(-1 - 0). Let n(l) = l**3 - 5*l**2 + 8*l + 3. Let z be n(4). Suppose b*g - 5*g = z. Is g composite?
False
Let n(o) = o**3 - 8*o**2 - 16. Let p be n(8). Let d(w) = -2*w**3 - 11*w**2 + 3*w + 19. Is d(p) a prime number?
True
Is 98/441 - (-360482)/18 a prime number?
False
Let n be 1264/6 - 2/(-6). Let i(v) = -4*v**3 + 7*v**2 + 11*v - 36. Let y be i(8). Let w = n - y. Is w a composite number?
False
Let o(d) = -21*d**2 - 18*d + 13. Let s be o(12). Let y = s - -4812. Is y composite?
True
Let j(n) = 212*n**2 + 7*n - 101. Is j(12) composite?
True
Let g(u) be the third derivative of 31*u**5/60 + u**4/24 + u**3/6 + 18*u**2. Is g(2) a composite number?
False
Let y be (-2 + (-39)/(-6))*2. Let q = 502 - 87. Suppose 0 = y*o - 4*o - q. Is o composite?
False
Let x be ((-6)/(-2))/(1/102). Let f(y) = -72*y**3 + 2*y**2 - y - 6. Let b be f(-3). Suppose -5*v = -x - b. Is v prime?
False
Suppose 3 = -3*n + 15. Let m be (-2 + (2 - n))*-1. Is -1*4/m*-413 a composite number?
True
Let a = 7648 - -3663. Is a composite?
False
Let b = -36 + 45. Let h = 9 - b. Suppose h = -n, -3*i = -4*i - 5*n + 211. Is i prime?
True
Let x = -3256 - -6947. Is x a composite number?
False
Is (-6 - (-120861)/(-18))/((-2)/4) prime?
True
Let y(k) be the second derivative of 11*k**4/6 - 5*k**3/3 - 5*k**2/2 + 9*k. Is y(-11) prime?
True
Suppose 2*m = -4*y + 35758, 86*m - 87*m - 26826 = -3*y. Is y prime?
True
Let r(x) = 5*x**3 + 5*x**2 + 43*x - 10. Is r(11) a composite number?
False
Is (3 - 70/21) + (-6476)/(-6) a prime number?
False
Let s be (643 - -1) + 0 + -1. Let n be s*3/((-9)/(-3)). Suppose -h + n = 5*d, 4*d - 178 - 330 = -4*h. Is d a composite number?
True
Let s = -1042 + 2585. Is s a composite number?
False
Let h = -381 + 7099. Is h composite?
True
Let q(i) = 92*i**3 - 7*i**2 + 25*i + 7. Is q(6) composite?
False
Suppose -5*v - 5530 = -7*v. Suppose 3*o - 2*d + 0*d - 22 = 0, -2*o - 7 = 3*d. Suppose v = o*t + t. Is t prime?
False
Is 4/22 - 549702/(-66) composite?
False
Let t be (2/3)/(4/(-6)). Suppose 63 = 10*y - 3*y. Is 37/(t/y*-3) prime?
False
Let y(s) = s**2 + 8*s + 7. Let g be y(-7). Suppose -3*z - 1 - 35 = g. Is (2 + z/15)*5 prime?
False
Let y(r) = -5*r - 24. Let l be y(-4). Is 429 + (l/2 - (8 + -8)) a prime number?
False
Let y(j) = -4610*j**3 - 2*j**2 + j + 2. Is y(-1) prime?
False
Let l = -3186 + 8265. Is l composite?
True
Let j = -12 + 17. Suppose 5*n = 6*n - j. Suppose 2*z + 4*y - 29 = z, n*y + 74 = z. Is z a composite number?
True
Suppose -19*o + 10*o = -95229. Is o composite?
True
Let w(d) = d**3 - d**2 - d + 2. Let c be w(2). Suppose c*v - 179 - 1777 = 0. Is v composite?
True
Suppose -2*t - 3 = -29. Let z = t - 9. Suppose 0 = 4*d + 5*v - 21 - 46, -z*v = 2*d - 26. Is d composite?
False
Suppose c = -c - 4*t + 7528, -c + 3764 = -3*t. Suppose 2*r - c = 2*w, 0*r - 3*w = -r + 1880. Is r prime?
False
Let o(u) = -u**2 - u - 1. Let w(t) = 3*t**3 - 7*t**2 - 8*t - 4. Suppose -2*m + 1 = -v + 8, 19 = 4*v + m. Let l(z) = v*o(z) - w(z). Is l(-4) a prime number?
True
Suppose -3*x + 38366 = -38053. Suppose 4*h + 3*h = x. Suppose 0 = -12*m + 9*m + h. Is m a prime number?
True
Let b be 1/(3/30*5). Is b/1*17590/20 prime?
True
Let b(j) = 1925*j**3 + 5*j**2 + 4*j - 3. Is b(1) a prime number?
True
Suppose -27*w = 6*w - 513051. Is w prime?
False
Let c = 6 + -17. Let z be (0 + c/(-2))*-4. Let h = 13 - z. Is h composite?
True
Let h = 735 - 178. Suppose -71 = -4*j + h. Is j a composite number?
False
Suppose 12*z - 16*z = 12. Let b(d) be the second derivative of d**4/3 + d**2/2 - 3*d. Is b(z) a prime number?
True
Suppose f - 935 = -0*m - 5*m, 4*m - 5*f - 748 = 0. Is m a prime number?
False
Suppose 271672 = 10*n - 6*n - 2*m, -5*n - m + 339597 = 0. Is n a composite number?
True
Suppose -6208 - 10822 = -10*a. Is a a composite number?
True
Let w(y) = 52*y + 3. Is w(10) prime?
True
Let l = 3691 - -5096. Let n = 12502 - l. Is 4/10 + n/25 prime?
True
Let u(x) = 5*x**2 - 3*x + 89. Is u(-31) a prime number?
True
Let y(n) = -52*n + 4. Let k be y(-3). Suppose 15 = -3*h, -3*x + h = k - 612. Is (45/9)/(1/x) composite?
True
Suppose -57*r + 39*r + 429246 = 0. Is r prime?
False
Let p = -64 - -141. Let s be (5/3)/(2/6). Suppose o - p = 5*v, -205 = -s*o + 2*o + 2*v. Is o a prime number?
True
Is (2 - -1)*14/(210/3175) a prime number?
False
Let f(t) = -t**3 - 2*t**2 - 11*t - 89. Is f(-24) a composite number?
True
Is 58601 + 108/12*4/6 prime?
False
Let b(l) = -202*l**3 - 9*l**2 + 30*l - 14. Let n(d) = -67*d**3 - 3*d**2 + 10*d - 5. Let y(o) = 2*b(o) - 7*n(o). Is y(3) composite?
False
Suppose 2*m - 2*h + 3*h = 3673, -2*m = -3*h - 3677. Is m composite?
True
Let d = 13382 - 8025. Is d composite?
True
Let m(f) = 86*f**3 + 5*f - 4. Is m(3) composite?
False
Let u be 6/9 - (3 + 19/(-3)). Suppose -u*s + 3675 = 167. Is s a composite number?
False
Let o(p) = -2*p**2 + 15*p - 12. Let t be o(6). Let c(q) = 132*q - 7. Is c(t) composite?
True
Is 4*24/(-32) - (-11000)/2 prime?
False
Let j = 221 + -91. Let p = j - 84. Is p prime?
False
Let u(k) = k**3 + 18*k**2 + 2*k + 21. Let j be u(-14). Suppose -2*h = -j - 2357. Is h composite?
False
Let i(a) = 8*a**2 - 3*a - 21. Let h(l) = 7*l**2 - 3*l - 20. Let m(v) = 7*h(v) - 6*i(v). Suppose -26 = -4*s - 4*y + 2, -3*s = -3*y - 51. Is m(s) a prime number?
False
Let a = 36 - -127. Let u = 2282 - a. Is u a prime number?
False
Let l = -273 - -147. Let k = 17 - l. Suppose -3*z + 138 = 4*h - h, k = 3*h - 2*z. Is h prime?
True
Let o(v) = -7 + 23*v + 21*v - 8. Let r be o(11). Let d = r - 206. Is d a composite number?
False
Suppose 17518 = z - 4*k, 0*k = -z - 2*k + 17530. Is z/15 + 4/(-10) - -3 a prime number?
True
Let y(n) = n**2 - 4*n. Let i be y(4). Suppose i = v - 3, 3*g + v - 1614 = 4*v. Is g a prime number?
True
Let u(n) = -16*n**2 - 65*n - 15. Let d(t) = 3*t**2 + 13*t + 3. Let i(s) = 11*d(s) + 2*u(s). Let y be i(-13). Suppose 159 + 174 = y*g. Is g a composite number?
True
Let n be (0 + 6/15)*5. Let w(c) = 1 + 39*c**n + 0 + 17*c - 12*c - 9*c. Is w(2) a prime number?
True
Is 2 - 7 - ((-40)/(-5) - 4380) a composite number?
True
Let v(x) = 9*x + 11. Is v(8) a prime number?
True
Let y(q) = 341*q - 38. Let c(n) = 114*n - 13. Let v(z) = 7*c(z) - 2*y(z). Is v(7)